factors of q?
2, 7
Let l = 1022 + -480. Suppose 5*w + 0*y - 1337 = 4*y, -2*w - 2*y = -l. What are the prime factors of w?
269
Let u(g) = -g**3 + 24*g**2 - 5*g + 92. List the prime factors of u(23).
2, 11, 23
Let y = 11 + 1. Let x = -10 + y. List the prime factors of x.
2
Let n = -957 + 1041. What are the prime factors of n?
2, 3, 7
Suppose 152 = -0*t + 4*t. Let a = 85 - t. What are the prime factors of a?
47
Let h(b) = b**2 + 6*b - 13. Let w be h(-8). Suppose -w*u - 273 = -6*u. What are the prime factors of u?
7, 13
Suppose -37 + 587 = 5*w. Suppose 410 = 5*x - w. List the prime factors of x.
2, 13
Suppose -4*y - 2*r - 1046 = -5*y, 0 = -4*y + 4*r + 4204. List the prime factors of y.
2, 3, 11
Let l be -1*3 - (3 + -31). Let r(d) = d**3 - 8*d**2 - 11. Let u be r(8). Let c = l - u. What are the prime factors of c?
2, 3
List the prime factors of 1 + (-4)/10 - (-40425)/125.
2, 3
Suppose -78 = -t + 69. Let w = t + -67. What are the prime factors of w?
2, 5
Suppose q - 22 = 2*q. Let p = 25 + q. Suppose -5*r = 3*a - 91, 0*r - r + 11 = p*a. What are the prime factors of r?
2, 5
Let c be 27/(-45) - 766/(-10). Let r(g) = 3*g**2 - g. Let n be r(1). Suppose 0 = 4*i + n*t - 68, -2*t - c = -5*i - 0. What are the prime factors of i?
2
Let k = -24 - -12. Let j(b) = -b**3 + 5*b**2 + 7*b - 8. Let u be j(7). List the prime factors of 2/k + u/(-18).
3
Suppose 10*t - 7*t - 6 = 0. Suppose -3*n + 0 + 3 = 0. Suppose -t*i + 9 = -n. List the prime factors of i.
5
Let q = 99 - -2330. What are the prime factors of q?
7, 347
Let u(j) = 12*j**3 - 4*j**2 + 4*j + 9. List the prime factors of u(4).
3
Let x = 27 + -18. Suppose -33 = 3*c + x. Let y = c + 19. What are the prime factors of y?
5
Let b = -60 + 92. Suppose 3*u + 5*q - 74 = -b, -4*u + q = -79. List the prime factors of u.
19
Let o(p) = 5*p**2 - 12*p + 8. Let x be o(6). Let j = 195 - x. List the prime factors of j.
79
Let v be (-3)/((-4)/16*-6). What are the prime factors of ((-40)/(-8))/(v/(-32) + 0)?
2, 5
Let b be (32 - -5)*(-2)/(-2). Suppose 40*m = b*m + 267. What are the prime factors of m?
89
Suppose 2*x = -3*l + 1980, -3*x - 2*l + 1718 = -1257. List the prime factors of x.
3, 331
Suppose -10*y - 2071 = -31391. What are the prime factors of y?
2, 733
Let v be (-1)/(15/(-57)) - 28/35. Suppose -v*x + 4*f = -62, 40 = x + x - 4*f. List the prime factors of x.
2, 11
Suppose 2*x - 6202 - 632 = 4*m, -3*m - 6839 = -2*x. List the prime factors of x.
23, 149
Suppose 6 + 10 = 4*h. Suppose 2*v = h*v. Suppose v = -14*y + 12*y + 6. List the prime factors of y.
3
Let z(u) = u**3 + 9*u**2 + 3*u + 11. Let r be z(-9). Let p = 21 + r. Suppose -p + 31 = 2*v. List the prime factors of v.
13
Let j be (50/3)/((-2)/6). Let f be (40/j)/(4/(-30)). Let d(c) = 2*c**2 - 9*c + 4. What are the prime factors of d(f)?
2, 11
Let q be 9 - 5 - (4 + -2). Suppose -2*b = q*d - 6*d + 122, -5 = -b. What are the prime factors of d?
3, 11
Let s(j) = -247*j - 17. Let l be s(-5). Suppose -107*k = -101*k - l. List the prime factors of k.
7, 29
Let g be 1117/2 + (-8)/16. Suppose -137 = -5*q + g. List the prime factors of q.
139
Suppose -g + 79 - 77 = 0. List the prime factors of ((-8)/(-6))/g*(-17880)/(-80).
149
Let r = 601 + -373. Suppose -2*k + 2 = -5*g + 16, -k - 1 = -g. Suppose -6*j + k*j = -r. What are the prime factors of j?
2, 19
What are the prime factors of -5 - ((-15392)/37 + 4/(-2))?
7, 59
Let b = 1750 + -975. List the prime factors of b.
5, 31
Suppose -1 = -2*r - q + 7, -4*r + 4*q - 8 = 0. Suppose 0 = 2*o + r*o + 5*j - 176, -5*j = 0. List the prime factors of o.
2, 11
Let d(y) = 7*y**2 + 40*y - 23. List the prime factors of d(-12).
5, 101
Suppose 8 = 3*i + 26. Let c be (-4)/i + 220/12. Let d = c - 6. List the prime factors of d.
13
Let a = 288 + 634. List the prime factors of a.
2, 461
Suppose -3*z + 4*z = 5. Let n be (2 + 3 + 0)/(-1)*-35. Suppose 3*i + z*k - n = 0, -2*i + 3*i - 61 = -k. What are the prime factors of i?
5, 13
What are the prime factors of 11*77*900/525?
2, 3, 11
Let u = -7684 - -10924. What are the prime factors of u?
2, 3, 5
Suppose 1530 + 1006 = 3*b - 4*j, -3*b = 4*j - 2504. What are the prime factors of (-2)/3 + b/18?
2, 23
Let f(n) = -n**3 + 5*n**2 - 3*n + 15. Let g be f(5). Suppose -3*s - 3*x + 409 + 59 = g, -4*s - 2*x + 630 = 0. What are the prime factors of s?
3, 53
Let b(i) = i**3 - 12*i**2 - 7*i - 16. Let t be b(12). Let r = t - -278. What are the prime factors of r?
2, 89
Suppose -4*a + 7*k - 3*k = -4, 2*a - 8 = -k. Let o(x) = -27*x**2 + 4 + a + 34*x**2. What are the prime factors of o(-3)?
2, 5, 7
Let d(z) = -z**3 + 11*z**2 + 1. Let o(a) = -3*a - 10. Let c be o(-7). Let f be d(c). Let q = 10 + f. List the prime factors of q.
11
Let d(c) = -c. Let u(y) = -14*y - 10. Let i(t) = -3*d(t) + u(t). What are the prime factors of i(-9)?
89
Let u = 38 + -34. What are the prime factors of u - 87*(-4 - (-7 + 4))?
7, 13
Let k(h) = h**3 - 3*h**2 + 11*h - 12. What are the prime factors of k(7)?
3, 29
Suppose -5*k = g - 181, 4*g = -0*k - 4*k + 740. Suppose -s + g = 2*s. List the prime factors of s.
2, 31
Suppose -978 = -5*t + 27. What are the prime factors of t?
3, 67
Let z = 39 - -25. List the prime factors of z.
2
Suppose 1 = -5*f - 9, -2*y - 3*f = 30. Let p = 25 - y. Let l = -21 + p. List the prime factors of l.
2
List the prime factors of 68/6*-21*(-53)/14.
17, 53
Let s be (-1005)/(-10) - (-12)/8. Suppose 835 = -s*o + 107*o. List the prime factors of o.
167
Let i = -12 + 12. Suppose 4*s - 3*q = 98, 5*s - 5*q - 179 + 54 = i. What are the prime factors of s?
23
Suppose -11*n + 14 + 74 = 0. List the prime factors of ((-85)/6)/(-5) + n/48.
3
Let j(k) = 432*k**2 - k. List the prime factors of j(1).
431
Suppose -12 = -0*g - 3*g + 3*f, g - 2*f = 7. Let d = 67 - g. List the prime factors of d.
2, 3, 11
Suppose 90 = -q + 4*q. Suppose 0 = -l + q + 24. Let z = -17 + l. List the prime factors of z.
37
Let r be 27/(-45) - (-33)/5. What are the prime factors of 55 - (2 - r)*-1?
3, 17
Let x = -175 - -593. List the prime factors of x.
2, 11, 19
Let z be 1 + -1 + (-10 - -14). Suppose x - z = -x. Suppose -x*b + 19 = -b. List the prime factors of b.
19
Suppose -11*v - 1216 = -7*v. What are the prime factors of v/(-3)*21/14?
2, 19
Let y = -1370 - -4155. List the prime factors of y.
5, 557
Let o = 197 - 55. What are the prime factors of o?
2, 71
Let s(c) = 90*c**3 - 16*c**2 + 35*c + 1. What are the prime factors of s(2)?
727
Let d = -64 - -62. List the prime factors of (-2026)/(-12) + d/(-12).
13
Let x(j) = 31*j - 6. Let z be x(3). Suppose -49 = -4*n + z. What are the prime factors of (-2)/((-106)/n + 3)?
17
Let p be 12/(-8) - 39/6. Let s be (-5)/(-20) - 22/p. Suppose -233 = -5*r - g, -4*g + 16 = s*r - 134. List the prime factors of r.
2, 23
Let u(s) = -s**3 - 33*s**2 - 10*s - 61. What are the prime factors of u(-33)?
269
Suppose 16*g - 22*g + 7590 = 0. List the prime factors of g.
5, 11, 23
List the prime factors of 1*750*-1*3/(-6).
3, 5
Let o(t) = -t**3 - 46*t**2 - 67*t - 68. List the prime factors of o(-45).
2, 461
List the prime factors of (-9)/3 - (-1186 + 0 + -10).
1193
What are the prime factors of ((-3)/3 - -653)*18/72?
163
Suppose m = -60 - 51. Let c = m - -226. What are the prime factors of c?
5, 23
Suppose 0 = 2*d + 2*p - 100, -4*p - 27 = -2*d + 103. List the prime factors of (0 + (-2 - -3))*d.
5, 11
Let w = -21 - -23. Let a(r) = -3*r + 2 + 4 - r - 3*r**w + r**3. What are the prime factors of a(4)?
2, 3
Suppose 4*f = 5*w - 82, -17 = -3*f + 2*w - 75. Let j(y) = 6 - 7*y + 2*y + 4*y. List the prime factors of j(f).
2, 3
Let d = 3526 + -1227. What are the prime factors of d?
11, 19
What are the prime factors of (-1)/(-3) - (-5 + 50272/(-24))?
2, 3, 5, 7
Suppose 2*t = -5*q + 255, -6*q + 3*q + 2*t + 137 = 0. What are the prime factors of q?
7
Let k = 26 + -33. What are the prime factors of (-984)/(-14) - (-2)/k?
2, 5, 7
Suppose 128 = 3*v - v. Suppose -h = h - 2*i - v, 0 = 2*h + 3*i - 89. What are the prime factors of h?
37
Let s(t) = -t**3 - t + 19. Let g be s(14). What are the prime factors of 2/(-13) - g/143?
19
Let l(f) = 360*f + 19. What are the prime factors of l(7)?
2539
Let l(f) = -35 - 25 + 7*f - f. What are the prime factors of l(24)?
2, 3, 7
Let g(m) = -4*m**3 - 7 + 0*m + 3*m**3 - 8*m**2 - 4*m - 9*m**2. List the prime factors of g(-17)